{"id":566,"date":"2025-01-21T14:44:38","date_gmt":"2025-01-21T11:44:38","guid":{"rendered":"https:\/\/toporegistru.publicvm.com\/?page_id=566"},"modified":"2026-03-18T10:43:06","modified_gmt":"2026-03-18T07:43:06","slug":"noutati-2","status":"publish","type":"page","link":"https:\/\/topodata.gov.md\/?page_id=566&lang=ro","title":{"rendered":"Nout\u0103\u021bi"},"content":{"rendered":"\n\n\n<div class=\"wp-block-group has-global-padding is-layout-constrained wp-block-group-is-layout-constrained\">\n<div style=\"height:50px\" aria-hidden=\"true\" class=\"wp-block-spacer\"><\/div>\n\n\n<ul class=\"has-dates has-excerpts wp-elements-b40059cb4292bedd4874de5057cce35d wp-block-rss has-text-color has-contrast-color\"><li class='wp-block-rss__item'><div class='wp-block-rss__item-title'><a href='https:\/\/inds.gov.md\/ro\/2026\/03\/02\/ghidul-de-utilizare-a-bazei-de-date-sigsnl-gislocal-2-2\/' target=\"_blank\">Ghidul de utilizare a portalului registrului de stat al lucr\u0103rilor topogeodezice de c\u0103tre furnizorul de date<\/a><\/div><time datetime=\"2026-03-02T12:02:52+03:00\" class=\"wp-block-rss__item-publish-date\">02.03.2026<\/time> <div class=\"wp-block-rss__item-excerpt\">Geoportalul topodata.gov.md este o platform\u0103 digital\u0103 destinat\u0103 \u00eenregistr\u0103rii \u0219i gestion\u0103rii lucr\u0103rilor topografo-geodezice la nivel na\u021bional. Acest sistem presupune 2 subiec\u021bi implica\u021bi \u00een procesul de colectare \u0219i verificarea datelor: furnizorul de \u2026 Ghidul de utilizare a portalului registrului de stat al lucr\u0103rilor topogeodezice de c\u0103tre furnizorul de date Read More \u00bb The post Ghidul de utilizare [&hellip;]<\/div><\/li><li class='wp-block-rss__item'><div class='wp-block-rss__item-title'><a href='https:\/\/inds.gov.md\/ro\/2026\/03\/02\/ghidul-de-utilizare-a-bazei-de-date-sigsnl-gislocal-2\/' target=\"_blank\">Ghidul de utilizare a registratorului registrului de stat al lucr\u0103rilor topogeodezice<\/a><\/div><time datetime=\"2026-03-02T11:27:18+03:00\" class=\"wp-block-rss__item-publish-date\">02.03.2026<\/time> <div class=\"wp-block-rss__item-excerpt\">Registrul Lucr\u0103rilor Topografo-Geodezice (RLTG) este o platform\u0103 digital\u0103 pentru \u00eenregistrarea, verificarea, avizarea \u0219i arhivarea lucr\u0103rilor topografo-geodezice la nivel na\u021bional. Sistemul este utilizat de doi actori principali: \u2013 Furnizorul \u2013 executantul \u2026 Ghidul de utilizare a registratorului registrului de stat al lucr\u0103rilor topogeodezice Read More \u00bb The post Ghidul de utilizare a registratorului registrului de stat [&hellip;]<\/div><\/li><li class='wp-block-rss__item'><div class='wp-block-rss__item-title'><a href='https:\/\/inds.gov.md\/ro\/2026\/02\/12\/membrii-consiliului-infrastructurii-nationale-de-date-spatiale-s-au-reunit-intr-o-sedinta-ordinara-3\/' target=\"_blank\">Membrii Consiliului Infrastructurii Na\u021bionale de Date Spa\u021biale s-au reunit \u00eentr-o \u0219edin\u021b\u0103 ordinar\u0103<\/a><\/div><time datetime=\"2026-02-12T15:46:43+03:00\" class=\"wp-block-rss__item-publish-date\">12.02.2026<\/time> <div class=\"wp-block-rss__item-excerpt\">La data de 16 decembrie 2025, a avut loc \u0219edin\u021ba Consiliului INDS, \u00een cadrul c\u0103reia au fost abordate subiecte prioritare pentru dezvoltarea \u0219i consolidarea infrastructurii na\u021bionale de date spa\u021biale. \u00cen \u2026 Membrii Consiliului Infrastructurii Na\u021bionale de Date Spa\u021biale s-au reunit \u00eentr-o \u0219edin\u021b\u0103 ordinar\u0103 Read More \u00bb The post Membrii Consiliului Infrastructurii Na\u021bionale de Date Spa\u021biale [&hellip;]<\/div><\/li><li class='wp-block-rss__item'><div class='wp-block-rss__item-title'><a href='https:\/\/inds.gov.md\/ro\/2025\/09\/19\/masuratori-gravimetrice-absolute-realizate-in-republica-moldova-cu-sprijinul-romaniei\/' target=\"_blank\">M\u0103sur\u0103tori gravimetrice absolute realizate \u00een Republica Moldova cu sprijinul Rom\u00e2niei<\/a><\/div><time datetime=\"2025-09-19T14:55:12+03:00\" class=\"wp-block-rss__item-publish-date\">19.09.2025<\/time> <div class=\"wp-block-rss__item-excerpt\">\u00cen perioada 15\u201320 septembrie 2025, cu sprijinul Agen\u021biei Na\u021bionale de Cadastru \u0219i Publicitate Imobiliar\u0103 a Rom\u00e2niei \u00een special al Centrului Na\u021bional de Cartografie al Rom\u00e2niei, \u00een Republica Moldova au fost \u2026 M\u0103sur\u0103tori gravimetrice absolute realizate \u00een Republica Moldova cu sprijinul Rom\u00e2niei Read More \u00bb The post M\u0103sur\u0103tori gravimetrice absolute realizate \u00een Republica Moldova cu sprijinul [&hellip;]<\/div><\/li><li class='wp-block-rss__item'><div class='wp-block-rss__item-title'><a href='https:\/\/inds.gov.md\/ro\/2025\/09\/19\/ghidul-de-utilizare-a-bazei-de-date-sigsnl-gislocal\/' target=\"_blank\">Ghidul de utilizare a bazei de date SIGSNL (gislocal)<\/a><\/div><time datetime=\"2025-09-19T09:01:26+03:00\" class=\"wp-block-rss__item-publish-date\">19.09.2025<\/time> <div class=\"wp-block-rss__item-excerpt\">Pentru a sprijini activitatea autorit\u0103\u021bilor administra\u021biei publice locale \u00een procesul de colectare, gestionare \u0219i publicare a datelor spa\u021biale, Agen\u021bia Geodezie, Cartografie \u0219i Cadastru \u00een comun cu \u00centreprinderea de Stat Institutul \u2026 Ghidul de utilizare a bazei de date SIGSNL (gislocal) Read More \u00bb The post Ghidul de utilizare a bazei de date SIGSNL (gislocal) appeared [&hellip;]<\/div><\/li><li class='wp-block-rss__item'><div class='wp-block-rss__item-title'><a href='https:\/\/inds.gov.md\/ro\/2025\/08\/25\/sedinta-grupului-tehnic-pentru-realizarea-inds-analiza-solutiilor-gis-si-gestionarea-datelor-moldatsa\/' target=\"_blank\">\u0218edin\u021ba Grupului Tehnic pentru realizarea INDS: Analiza solu\u021biilor SIG \u0219i gestionarea datelor MOLDATSA<\/a><\/div><time datetime=\"2025-08-25T11:49:51+03:00\" class=\"wp-block-rss__item-publish-date\">25.08.2025<\/time> <div class=\"wp-block-rss__item-excerpt\">La data de 19 august 2025, circa 30 de membri ai Grupului de lucru tehnic pentru realizarea Infrastructurii Na\u021bionale de Date Spa\u021biale (INDS) s-au \u00eentrunit \u00eentr-o \u0219edin\u021b\u0103 de lucru, organizat\u0103 \u2026 \u0218edin\u021ba Grupului Tehnic pentru realizarea INDS: Analiza solu\u021biilor SIG \u0219i gestionarea datelor MOLDATSA Read More \u00bb The post \u0218edin\u021ba Grupului Tehnic pentru realizarea INDS: [&hellip;]<\/div><\/li><li class='wp-block-rss__item'><div class='wp-block-rss__item-title'><a href='https:\/\/inds.gov.md\/ro\/2025\/08\/20\/sedinta-grupului-de-lucru-tehnic-inds-vizualizarea-datelor-gis-prin-qgis-server-si-interfata-mapstore\/' target=\"_blank\">\u0219edin\u021ba Grupului de lucru tehnic INDS \u201eVizualizarea datelor GIS prin QGIS Server \u0219i interfa\u021ba MAPSTORE\u201d<\/a><\/div><time datetime=\"2025-08-20T16:29:38+03:00\" class=\"wp-block-rss__item-publish-date\">20.08.2025<\/time> <div class=\"wp-block-rss__item-excerpt\">La data de 20 august 2025, a avut loc \u0219edin\u021ba Grupului de lucru tehnic pentru realizarea infrastructurii na\u021bionale de date spa\u021biale, cu tematica \u201eVizualizarea datelor GIS prin QGIS Server \u0219i \u2026 \u0219edin\u021ba Grupului de lucru tehnic INDS \u201eVizualizarea datelor GIS prin QGIS Server \u0219i interfa\u021ba MAPSTORE\u201d Read More \u00bb The post \u0219edin\u021ba Grupului de lucru [&hellip;]<\/div><\/li><li class='wp-block-rss__item'><div class='wp-block-rss__item-title'><a href='https:\/\/inds.gov.md\/ro\/2025\/07\/28\/membrii-consiliului-infrastructurii-nationale-de-date-spatiale-s-au-reunit-intr-o-sedinta-ordinara-2\/' target=\"_blank\">Membrii Consiliului Infrastructurii Na\u021bionale de Date Spa\u021biale s-au reunit \u00eentr-o \u0219edin\u021b\u0103 ordinar\u0103<\/a><\/div><time datetime=\"2025-07-28T15:48:59+03:00\" class=\"wp-block-rss__item-publish-date\">28.07.2025<\/time> <div class=\"wp-block-rss__item-excerpt\">La data de 20 iulie 2025, s-a desf\u0103\u0219urat \u0219edin\u021ba ordinar\u0103 a Consiliului infrastructurii na\u021bionale de date spa\u021biale (INDS), organizat\u0103 de Agen\u021bia Geodezie, Cartografie \u0219i Cadastru. \u00cen cadrul \u0219edin\u021bei, membrii Consiliului \u2026 Membrii Consiliului Infrastructurii Na\u021bionale de Date Spa\u021biale s-au reunit \u00eentr-o \u0219edin\u021b\u0103 ordinar\u0103 Read More \u00bb The post Membrii Consiliului Infrastructurii Na\u021bionale de Date Spa\u021biale [&hellip;]<\/div><\/li><li class='wp-block-rss__item'><div class='wp-block-rss__item-title'><a href='https:\/\/inds.gov.md\/ro\/2025\/03\/14\/atelierul-taiex-privind-sectorul-geospatial-modern-in-contextul-aderarii-la-ue-a-reunit-profesionisti-din-domeniile-geoinformaticii-sistemelor-informationale-geografice-si-gestionarii-datelor-spatial\/' target=\"_blank\">Atelierul TAIEX privind sectorul geospa\u021bial modern \u00een contextul ader\u0103rii la UE a reunit profesioni\u0219ti din domeniile geoinformaticii, sistemelor informa\u021bionale geografice \u0219i gestion\u0103rii datelor spa\u021biale, pentru a explora cele mai recente tendin\u021bele<\/a><\/div><time datetime=\"2025-03-14T14:00:20+03:00\" class=\"wp-block-rss__item-publish-date\">14.03.2025<\/time> <div class=\"wp-block-rss__item-excerpt\">\u00a0\u00cen perioada 13-14 martie curent, Atelierul TAIEX privind sectorul geospa\u021bial modern \u00een contextul ader\u0103rii la Uniunea European\u0103 a reunit aproximativ 60 de profesioni\u0219ti din domeniile geoinformaticii, sistemelor informa\u021bionale geografice (SIG) \u2026 Atelierul TAIEX privind sectorul geospa\u021bial modern \u00een contextul ader\u0103rii la UE a reunit profesioni\u0219ti din domeniile geoinformaticii, sistemelor informa\u021bionale geografice \u0219i gestion\u0103rii datelor spa\u021biale, [&hellip;]<\/div><\/li><\/ul>\n\n<\/div>\n","protected":false},"excerpt":{"rendered":"","protected":false},"author":1,"featured_media":0,"parent":0,"menu_order":0,"comment_status":"closed","ping_status":"closed","template":"","meta":{"footnotes":""},"class_list":["post-566","page","type-page","status-publish","hentry"],"_links":{"self":[{"href":"https:\/\/topodata.gov.md\/index.php?rest_route=\/wp\/v2\/pages\/566","targetHints":{"allow":["GET"]}}],"collection":[{"href":"https:\/\/topodata.gov.md\/index.php?rest_route=\/wp\/v2\/pages"}],"about":[{"href":"https:\/\/topodata.gov.md\/index.php?rest_route=\/wp\/v2\/types\/page"}],"author":[{"embeddable":true,"href":"https:\/\/topodata.gov.md\/index.php?rest_route=\/wp\/v2\/users\/1"}],"replies":[{"embeddable":true,"href":"https:\/\/topodata.gov.md\/index.php?rest_route=%2Fwp%2Fv2%2Fcomments&post=566"}],"version-history":[{"count":25,"href":"https:\/\/topodata.gov.md\/index.php?rest_route=\/wp\/v2\/pages\/566\/revisions"}],"predecessor-version":[{"id":2187,"href":"https:\/\/topodata.gov.md\/index.php?rest_route=\/wp\/v2\/pages\/566\/revisions\/2187"}],"wp:attachment":[{"href":"https:\/\/topodata.gov.md\/index.php?rest_route=%2Fwp%2Fv2%2Fmedia&parent=566"}],"curies":[{"name":"wp","href":"https:\/\/api.w.org\/{rel}","templated":true}]}}